{"id":490,"date":"2021-04-14T15:43:14","date_gmt":"2021-04-14T06:43:14","guid":{"rendered":"https:\/\/demo.arches.co.jp\/?page_id=490"},"modified":"2021-08-25T15:52:02","modified_gmt":"2021-08-25T06:52:02","slug":"hong-kong-yagyukai","status":"publish","type":"page","link":"https:\/\/demo.arches.co.jp\/?page_id=490","title":{"rendered":"Hong Kong Yagy\u016bkai"},"content":{"rendered":"\n<div class=\"wp-block-nextend-smartslider3 max-600\"><\/div>\n\n\n\n<p>1. Keiko days and times.<br>Practices are arranged individually with members throughout the week.<\/p>\n\n\n\n<p>2. Keiko and k\u014dd\u014d (lecture) by the headmaster.<br>A 4-day seminar consisting of keiko and k\u014dd\u014d by the headmaster is held annually in Hong Kong.<\/p>\n\n\n\n<p>3. Contact addresses.<br>Contact: Kelwin Kwan<br>Email: hkyagyukai@gmail.com<br>Address: 5\/F Lee Fund Centre, 31 Wong Chuk Hang Road, Hong Kong.<\/p>\n\n\n\n<p>4. Membership process and membership fee.<br>Tuition fee for all members and beginners is HK$4200 per year. Any person capable of learning are welcome to join upon the availability of vacancies. To become a member of Yagy\u016bkai Hong Kong, beginners are required to demonstrate his\/her learning to the satisfaction of the headmaster after completing the first year of learning, and are required to always obey the code of conduct established under the charter of Hong Kong Yagy\u016bkai.<\/p>\n\n\n\n<p>Our event is now on the Autumn Festival\u2019s official site:<br>2018\u5e74\u65e5\u672c\u79cb\u796dIN\u9999\u6e2f \u2015\u9b45\u529b\u518d\u767a\u898b\u2015<br><a href=\"http:\/\/www.hk.emb-japan.go.jp\/autumnfes\/ja-jp\/index.html\">http:\/\/www.hk.emb-japan.go.jp\/autumnfes\/ja-jp\/index.html<\/a><br>\u65e5\u672c\u79cb\u796dIN\u9999\u6e2f \u30d7\u30ed\u30b0\u30e9\u30e0<br><a href=\"http:\/\/www.hk.emb-japan.go.jp\/autumnfes\/ja-jp\/product.html\">http:\/\/www.hk.emb-japan.go.jp\/autumnfes\/ja-jp\/product.html<\/a><\/p>\n","protected":false},"excerpt":{"rendered":"<p>1. Keiko days and times.Practices are arranged individually with members throughout the week. 2. Keiko and k\u014dd [&hellip;]<\/p>\n","protected":false},"author":2,"featured_media":534,"parent":455,"menu_order":6,"comment_status":"closed","ping_status":"closed","template":"page-no-eye-catch.php","meta":{"_s2mail":"yes","footnotes":""},"_links":{"self":[{"href":"https:\/\/demo.arches.co.jp\/index.php?rest_route=\/wp\/v2\/pages\/490"}],"collection":[{"href":"https:\/\/demo.arches.co.jp\/index.php?rest_route=\/wp\/v2\/pages"}],"about":[{"href":"https:\/\/demo.arches.co.jp\/index.php?rest_route=\/wp\/v2\/types\/page"}],"author":[{"embeddable":true,"href":"https:\/\/demo.arches.co.jp\/index.php?rest_route=\/wp\/v2\/users\/2"}],"replies":[{"embeddable":true,"href":"https:\/\/demo.arches.co.jp\/index.php?rest_route=%2Fwp%2Fv2%2Fcomments&post=490"}],"version-history":[{"count":3,"href":"https:\/\/demo.arches.co.jp\/index.php?rest_route=\/wp\/v2\/pages\/490\/revisions"}],"predecessor-version":[{"id":709,"href":"https:\/\/demo.arches.co.jp\/index.php?rest_route=\/wp\/v2\/pages\/490\/revisions\/709"}],"up":[{"embeddable":true,"href":"https:\/\/demo.arches.co.jp\/index.php?rest_route=\/wp\/v2\/pages\/455"}],"wp:featuredmedia":[{"embeddable":true,"href":"https:\/\/demo.arches.co.jp\/index.php?rest_route=\/wp\/v2\/media\/534"}],"wp:attachment":[{"href":"https:\/\/demo.arches.co.jp\/index.php?rest_route=%2Fwp%2Fv2%2Fmedia&parent=490"}],"curies":[{"name":"wp","href":"https:\/\/api.w.org\/{rel}","templated":true}]}}