{"id":908,"date":"2021-04-21T13:39:18","date_gmt":"2021-04-21T04:39:18","guid":{"rendered":"https:\/\/demo.arches.co.jp\/?page_id=908"},"modified":"2021-09-01T10:07:31","modified_gmt":"2021-09-01T01:07:31","slug":"yagyukai","status":"publish","type":"page","link":"https:\/\/demo.arches.co.jp\/?page_id=908","title":{"rendered":"Yagy\u016bkai"},"content":{"rendered":"\n<p>The house and dojo of the Owari Yagy\u016b family, which had been located at Nishiki, Naka Ward, Nagoya City since the time of old Owari Domain, were burned down during the Second World War. The 20th headmaster, Yagy\u016b Toshinaga established the Yagy\u016bkai in 1955 and restarted full activity of the school.<\/p>\n\n\n\n<p><span style=\"text-decoration: underline;\"><a href=\"https:\/\/demo.arches.co.jp\/?page_id=1001&amp;lang=en\" data-type=\"URL\" data-id=\"https:\/\/demo.arches.co.jp\/?page_id=1001&amp;lang=en\">&gt;&gt;The Purpose of Founding the Yagy\u016bkai<\/a><\/span><\/p>\n\n\n\n<p>The current headmaster and his assistants strive to preserve Yagy\u016b Shinkage Ry\u016b in the tradition of all the previous headmasters and their assistants. The headmaster teaches and gives a monthly lecture (k\u014dd\u014d) to members of each regional Yagy\u016bkai, with direct instruction to each student, as has always been the tradition.<br>The headmaster also teaches directly to overseas Yagy\u016bkai members in the USA and Hong Kong once a year.<br>The Yagy\u016bkai intends to preserve and pass down orthodox Shinkage Ry\u016b and support the headmaster&#8217;s activities in administering the Yagy\u016bkai in accordance with the Yagy\u016bkai Members Code. The Yagy\u016bkai created this website with the hope that it will provide a better understanding of the school.<\/p>\n\n\n\n<p><span style=\"text-decoration: underline;\"><a href=\"https:\/\/demo.arches.co.jp\/?page_id=1001&amp;lang=en\" data-type=\"URL\" data-id=\"https:\/\/demo.arches.co.jp\/?page_id=1001&amp;lang=en\">&gt;&gt;Yagy\u016bkai Members Code<\/a><\/span><\/p>\n\n\n\n<p>Contact:<br>&lt;Yagy\u016bkai headquarters=&#8221;&#8221;&gt;<br>Yukiyoshi Shibata<br>Phone: +81-80-4741-6263<br>mail to: <span style=\"text-decoration: underline;\"><a href=\"mailto:yagyukai@gmail.com\" data-type=\"mailto\" data-id=\"mailto:yagyukai@gmail.com\">Yagy\u016bkai@gmail.com<\/a><\/span><\/p>\n\n\n\n<p><u><a href=\"https:\/\/demo.arches.co.jp\/?page_id=914&amp;lang=en\" data-type=\"page\" data-id=\"914\">Enrollment information<\/a><\/u><br><span style=\"text-decoration: underline;\"><a href=\"https:\/\/demo.arches.co.jp\/?p=952\" data-type=\"URL\" data-id=\"https:\/\/demo.arches.co.jp\/?p=952\">Nagoya Yagy\u016bkai<\/a><\/span><br><span style=\"text-decoration: underline;\"><a href=\"https:\/\/demo.arches.co.jp\/?p=954\" data-type=\"URL\" data-id=\"https:\/\/demo.arches.co.jp\/?p=954\">Tokyo Yagy\u016bkai<\/a><\/span><br><span style=\"text-decoration: underline;\"><a href=\"https:\/\/demo.arches.co.jp\/?p=956\" data-type=\"URL\" data-id=\"https:\/\/demo.arches.co.jp\/?p=956\">Kansai Yagy\u016bkai<\/a><\/span><br><span style=\"text-decoration: underline;\"><a href=\"https:\/\/demo.arches.co.jp\/?p=967\" data-type=\"URL\" data-id=\"https:\/\/demo.arches.co.jp\/?p=967\">Anjo Yagy\u016bkai<\/a><\/span><br><span style=\"text-decoration: underline;\"><a href=\"https:\/\/demo.arches.co.jp\/?page_id=921&amp;lang=en0\" data-type=\"URL\" data-id=\"https:\/\/demo.arches.co.jp\/?page_id=921&amp;lang=en0\">Yagy\u016bkai USA<\/a><\/span><br><span style=\"text-decoration: underline;\"><a href=\"https:\/\/demo.arches.co.jp\/?page_id=924&amp;lang=en\" data-type=\"URL\" data-id=\"https:\/\/demo.arches.co.jp\/?page_id=924&amp;lang=en\">Hong Kong Yagy\u016bkai<\/a><\/span><\/p>\n","protected":false},"excerpt":{"rendered":"<p>The house and dojo of the Owari Yagy\u016b family, which had been located at Nishiki, Naka Ward, Nagoya City since  [&hellip;]<\/p>\n","protected":false},"author":2,"featured_media":1464,"parent":0,"menu_order":1,"comment_status":"closed","ping_status":"closed","template":"","meta":{"_s2mail":"yes","footnotes":""},"_links":{"self":[{"href":"https:\/\/demo.arches.co.jp\/index.php?rest_route=\/wp\/v2\/pages\/908"}],"collection":[{"href":"https:\/\/demo.arches.co.jp\/index.php?rest_route=\/wp\/v2\/pages"}],"about":[{"href":"https:\/\/demo.arches.co.jp\/index.php?rest_route=\/wp\/v2\/types\/page"}],"author":[{"embeddable":true,"href":"https:\/\/demo.arches.co.jp\/index.php?rest_route=\/wp\/v2\/users\/2"}],"replies":[{"embeddable":true,"href":"https:\/\/demo.arches.co.jp\/index.php?rest_route=%2Fwp%2Fv2%2Fcomments&post=908"}],"version-history":[{"count":6,"href":"https:\/\/demo.arches.co.jp\/index.php?rest_route=\/wp\/v2\/pages\/908\/revisions"}],"predecessor-version":[{"id":2428,"href":"https:\/\/demo.arches.co.jp\/index.php?rest_route=\/wp\/v2\/pages\/908\/revisions\/2428"}],"wp:featuredmedia":[{"embeddable":true,"href":"https:\/\/demo.arches.co.jp\/index.php?rest_route=\/wp\/v2\/media\/1464"}],"wp:attachment":[{"href":"https:\/\/demo.arches.co.jp\/index.php?rest_route=%2Fwp%2Fv2%2Fmedia&parent=908"}],"curies":[{"name":"wp","href":"https:\/\/api.w.org\/{rel}","templated":true}]}}