{"id":930,"date":"2021-04-21T14:34:31","date_gmt":"2021-04-21T05:34:31","guid":{"rendered":"https:\/\/demo.arches.co.jp\/?page_id=930"},"modified":"2021-08-25T16:02:37","modified_gmt":"2021-08-25T07:02:37","slug":"about-yagyu-seigo-ryu-batto","status":"publish","type":"page","link":"https:\/\/demo.arches.co.jp\/?page_id=930&lang=en","title":{"rendered":"About Yagy\u016b Seigo Ry\u016b Batt\u014d"},"content":{"rendered":"\n<figure class=\"wp-block-image alignnone margin-0\"><a href=\"https:\/\/demo.arches.co.jp\/wp-content\/uploads\/2017\/11\/001IMG_29098a.jpg\"><img decoding=\"async\" src=\"https:\/\/demo.arches.co.jp\/wp-content\/uploads\/2017\/11\/001IMG_29098a.jpg\" alt=\"\u67f3\u751f\u5236\u525b\u6d41\u629c\u5200\" class=\"wp-image-927\"\/><\/a><\/figure>\n\n\n\n<p><small><span style=\"color: #999999;\">\u64ae\u5f71:\u68ee\u5c71\u96c5\u667a\u6c0f \u5199\u771f\u63d0\u4f9b:\u65e5\u8208\u7f8e\u8853\u682a\u5f0f\u4f1a\u793e<\/span><\/small><\/p>\n\n\n\n<p><strong>The history of Yagy\u016b Seigo Ry\u016b Batt\u014d<\/strong><br>Mizuhaya Ch\u014dzaemon Nobumasa learned Batt\u014d-jutsu (sword-drawing) from the monk Seig\u014d in the Muromachi Period and created a school called Seig\u014d Ry\u016b. His best desciple, Kajiwara Genzaemon Naokage, passed the school down to Owari Domain. Nagaoka Fusahide, who played an active role as an assistant to the headmasters of Shinkage Ry\u016b Heih\u014d, mastered the heart of Seig\u014d Ry\u016b Batt\u014d. In the following generation, Nagaoka Fusashige continued to develop its theory and technique.<br>In more recent times, Yagy\u016b Toshichika and Toshinaga further refined Seig\u014d Ry\u016b Batt\u014d, and it was passed down to Yagy\u016b Toshimichi and K\u014dichi as Yagy\u016b Seig\u014d Ry\u016b Batt\u014d.<\/p>\n\n\n\n<p>It has been 140 years since wearing a sword was banned. We practice batt\u014d and heih\u014d to fully understand the principle of heih\u014d that the body\u2019s motion comes together with the condition of the mind by learning how to use the Japanese sword.<\/p>\n\n\n\n<p><strong>The lineage of Yagy\u016b Seig\u014d Ry\u016b<\/strong><br>The founder Isahaya Ch\u014dzaemon Nobumasa<br>2nd Kajiwara Genzaemon Naokage<br>3rd Kajiwara Hannojo Kageaki<br>4th \u014chashi Genuemon Masaaki<br>5th \u014chashi Kinosuke Masanaga<br>6th Nagaoka Jur\u014demon Fusayasu<br>7th Nagaoka Gozaemon Fusahide<br>8th Nagaoka Gozaemon Fusashige<br>9th Nagaoka Gonrokuro Fusasuke<br>10th Nagaoka Heijur\u014d Fusayasu<br>11th Yagy\u016b Sangor\u014d Toshichika<br>12th Yagy\u016b Kinji Toshinaga<br>13th Yagy\u016b Nobuharu Toshimichi<br>14th Yagy\u016b K\u014dichi Toshinobu<\/p>\n","protected":false},"excerpt":{"rendered":"<p>\u64ae\u5f71:\u68ee\u5c71\u96c5\u667a\u6c0f \u5199\u771f\u63d0\u4f9b:\u65e5\u8208\u7f8e\u8853\u682a\u5f0f\u4f1a\u793e The history of Yagy\u016b Seigo Ry\u016b Batt\u014dMizuhaya Ch\u014dzaemon Nobumasa learned Batt\u014d-jutsu (sw [&hellip;]<\/p>\n","protected":false},"author":2,"featured_media":0,"parent":0,"menu_order":3,"comment_status":"closed","ping_status":"closed","template":"","meta":{"_s2mail":"yes","footnotes":""},"_links":{"self":[{"href":"https:\/\/demo.arches.co.jp\/index.php?rest_route=\/wp\/v2\/pages\/930"}],"collection":[{"href":"https:\/\/demo.arches.co.jp\/index.php?rest_route=\/wp\/v2\/pages"}],"about":[{"href":"https:\/\/demo.arches.co.jp\/index.php?rest_route=\/wp\/v2\/types\/page"}],"author":[{"embeddable":true,"href":"https:\/\/demo.arches.co.jp\/index.php?rest_route=\/wp\/v2\/users\/2"}],"replies":[{"embeddable":true,"href":"https:\/\/demo.arches.co.jp\/index.php?rest_route=%2Fwp%2Fv2%2Fcomments&post=930"}],"version-history":[{"count":3,"href":"https:\/\/demo.arches.co.jp\/index.php?rest_route=\/wp\/v2\/pages\/930\/revisions"}],"predecessor-version":[{"id":934,"href":"https:\/\/demo.arches.co.jp\/index.php?rest_route=\/wp\/v2\/pages\/930\/revisions\/934"}],"wp:attachment":[{"href":"https:\/\/demo.arches.co.jp\/index.php?rest_route=%2Fwp%2Fv2%2Fmedia&parent=930"}],"curies":[{"name":"wp","href":"https:\/\/api.w.org\/{rel}","templated":true}]}}