{"id":956,"date":"2021-04-21T15:00:15","date_gmt":"2021-04-21T06:00:15","guid":{"rendered":"https:\/\/demo.arches.co.jp\/?page_id=956"},"modified":"2021-08-25T16:07:44","modified_gmt":"2021-08-25T07:07:44","slug":"956-2","status":"publish","type":"page","link":"https:\/\/demo.arches.co.jp\/?page_id=956&lang=en","title":{"rendered":"Kansai Yagy\u016bkai :"},"content":{"rendered":"\n<p><strong>Keiko (practice) days and times: <\/strong><br>Yagy\u016b Shinkage Ry\u016b Heih\u014d, Yagyu Seig\u014d Ry\u016b Batt\u014d ; Saturdays 13:00 \u2013 16:00 <br><strong>Keiko and K\u014dd\u014d by Headmaster<\/strong>: 4th Saturday 13:00 \u2013 18:00  <\/p>\n","protected":false},"excerpt":{"rendered":"<p>Keiko (practice) days and times: Yagy\u016b Shinkage Ry\u016b Heih\u014d, Yagyu Seig\u014d Ry\u016b Batt\u014d ; Saturdays 13:00 \u2013 16:00 Kei [&hellip;]<\/p>\n","protected":false},"author":2,"featured_media":530,"parent":914,"menu_order":2,"comment_status":"closed","ping_status":"closed","template":"","meta":{"_s2mail":"yes","footnotes":""},"_links":{"self":[{"href":"https:\/\/demo.arches.co.jp\/index.php?rest_route=\/wp\/v2\/pages\/956"}],"collection":[{"href":"https:\/\/demo.arches.co.jp\/index.php?rest_route=\/wp\/v2\/pages"}],"about":[{"href":"https:\/\/demo.arches.co.jp\/index.php?rest_route=\/wp\/v2\/types\/page"}],"author":[{"embeddable":true,"href":"https:\/\/demo.arches.co.jp\/index.php?rest_route=\/wp\/v2\/users\/2"}],"replies":[{"embeddable":true,"href":"https:\/\/demo.arches.co.jp\/index.php?rest_route=%2Fwp%2Fv2%2Fcomments&post=956"}],"version-history":[{"count":2,"href":"https:\/\/demo.arches.co.jp\/index.php?rest_route=\/wp\/v2\/pages\/956\/revisions"}],"predecessor-version":[{"id":1016,"href":"https:\/\/demo.arches.co.jp\/index.php?rest_route=\/wp\/v2\/pages\/956\/revisions\/1016"}],"up":[{"embeddable":true,"href":"https:\/\/demo.arches.co.jp\/index.php?rest_route=\/wp\/v2\/pages\/914"}],"wp:featuredmedia":[{"embeddable":true,"href":"https:\/\/demo.arches.co.jp\/index.php?rest_route=\/wp\/v2\/media\/530"}],"wp:attachment":[{"href":"https:\/\/demo.arches.co.jp\/index.php?rest_route=%2Fwp%2Fv2%2Fmedia&parent=956"}],"curies":[{"name":"wp","href":"https:\/\/api.w.org\/{rel}","templated":true}]}}