{"id":958,"date":"2021-04-21T15:00:38","date_gmt":"2021-04-21T06:00:38","guid":{"rendered":"https:\/\/demo.arches.co.jp\/?page_id=958"},"modified":"2021-08-25T16:44:54","modified_gmt":"2021-08-25T07:44:54","slug":"958-2","status":"publish","type":"page","link":"https:\/\/demo.arches.co.jp\/?page_id=958&lang=en","title":{"rendered":"Headmaster&#8217;s Publications"},"content":{"rendered":"\n<figure class=\"wp-block-image alignnone size-large margin-0\"><a href=\"https:\/\/demo.arches.co.jp\/wp-content\/uploads\/2021\/05\/seihaku.jpeg\"><img loading=\"lazy\" decoding=\"async\" width=\"300\" height=\"397\" src=\"https:\/\/demo.arches.co.jp\/wp-content\/uploads\/2021\/05\/seihaku.jpeg\" alt=\"\" class=\"wp-image-1393\" srcset=\"https:\/\/demo.arches.co.jp\/wp-content\/uploads\/2021\/05\/seihaku.jpeg?v=1624412614 300w, https:\/\/demo.arches.co.jp\/wp-content\/uploads\/2021\/05\/seihaku-227x300.jpeg?v=1624412614 227w\" sizes=\"(max-width: 300px) 100vw, 300px\" \/><\/a><figcaption>&#8220;Shoden Shinkage Ry\u016b&#8221; written by Yagy\u016b Toshinaga, Shimazu Shobo<\/figcaption><\/figure>\n\n\n\n<figure class=\"wp-block-image alignnone margin-0\"><a href=\"https:\/\/demo.arches.co.jp\/wp-content\/uploads\/2015\/02\/001b_k.jpg\"><img decoding=\"async\" src=\"https:\/\/demo.arches.co.jp\/wp-content\/uploads\/2015\/02\/001b_k-208x300.jpg\" alt=\"\u300e\u5263\u9053\u516b\u8b1b\u300f \" class=\"wp-image-47\"\/><\/a><figcaption>&#8220;Kendo Hachi-ko&#8221; written by Yagy\u016b Toshinaga, Shimazu Shobo<\/figcaption><\/figure>\n\n\n\n<figure class=\"wp-block-image alignnone margin-0\"><a href=\"https:\/\/demo.arches.co.jp\/wp-content\/uploads\/2015\/02\/001b_d.jpg\"><img decoding=\"async\" src=\"https:\/\/demo.arches.co.jp\/wp-content\/uploads\/2015\/02\/001b_d-209x300.jpg\" alt=\" \u300e\u67f3\u751f\u65b0\u9670\u6d41\u9053\u773c\u300f \" class=\"wp-image-46\"\/><\/a><figcaption>&#8220;Yagy\u016b Shinkage Ry\u016b Dogen&#8221; written by Yagy\u016b Nobuharu, Shimazu Shobo<\/figcaption><\/figure>\n\n\n\n<figure class=\"wp-block-image alignnone margin-0\"><a href=\"https:\/\/demo.arches.co.jp\/wp-content\/uploads\/2015\/02\/001b_m.jpg\"><img decoding=\"async\" src=\"https:\/\/demo.arches.co.jp\/wp-content\/uploads\/2015\/02\/001b_m-185x300.jpg\" alt=\"\u300e\u8ca0\u3051\u306a\u3044\u5965\u7fa9\u300f\" class=\"wp-image-48\"\/><\/a><figcaption>&#8220;The Essence of Not being Defeated&#8221; written by Yagy\u016b K\u014dichi<\/figcaption><\/figure>\n\n\n\n<p><br><span style=\"text-decoration: underline;\"><a href=\"https:\/\/demo.arches.co.jp\/?page_id=424\">>>&#8217; The Essence of Not Being Defeated ~ The Strongest Techniques of the Mind and Body As Passed Down by the Headmasters of Yagy\u016b Shinkage Ry\u016b &#8221; written by Yagy\u016b K\u014dichi, Softbank Shinsyo<\/a><\/span><\/p>\n","protected":false},"excerpt":{"rendered":"<p>>>&#8217; The Essence of Not Being Defeated ~ The Strongest Techniques of the Mind and Body As Passed Down by  [&hellip;]<\/p>\n","protected":false},"author":2,"featured_media":0,"parent":0,"menu_order":1,"comment_status":"closed","ping_status":"closed","template":"","meta":{"_s2mail":"yes","footnotes":""},"_links":{"self":[{"href":"https:\/\/demo.arches.co.jp\/index.php?rest_route=\/wp\/v2\/pages\/958"}],"collection":[{"href":"https:\/\/demo.arches.co.jp\/index.php?rest_route=\/wp\/v2\/pages"}],"about":[{"href":"https:\/\/demo.arches.co.jp\/index.php?rest_route=\/wp\/v2\/types\/page"}],"author":[{"embeddable":true,"href":"https:\/\/demo.arches.co.jp\/index.php?rest_route=\/wp\/v2\/users\/2"}],"replies":[{"embeddable":true,"href":"https:\/\/demo.arches.co.jp\/index.php?rest_route=%2Fwp%2Fv2%2Fcomments&post=958"}],"version-history":[{"count":3,"href":"https:\/\/demo.arches.co.jp\/index.php?rest_route=\/wp\/v2\/pages\/958\/revisions"}],"predecessor-version":[{"id":2403,"href":"https:\/\/demo.arches.co.jp\/index.php?rest_route=\/wp\/v2\/pages\/958\/revisions\/2403"}],"wp:attachment":[{"href":"https:\/\/demo.arches.co.jp\/index.php?rest_route=%2Fwp%2Fv2%2Fmedia&parent=958"}],"curies":[{"name":"wp","href":"https:\/\/api.w.org\/{rel}","templated":true}]}}